ive of 5*u**2/2 - 4. Let p be x(-2). Let q be (-92)/p + 1/(-5). What is the greatest common divisor of 27 and q?
9
Let r = -39 - -100. Suppose 0 = 3*q - 11 - r. What is the highest common factor of 24 and q?
24
Let b be (0/5)/(-1 - 1). Suppose -5*m - 3 = -p + 3, b = -4*m + 12. Calculate the greatest common divisor of p and 6.
3
Suppose 4*n - 94 = -d, 4*d - 25 - 87 = -5*n. Calculate the highest common factor of 348 and n.
12
Suppose -2*s + 3*s = 3*z, 3*z = -4*s + 75. Suppose -s = -5*j + 125. Suppose 2*n = -5*n + j. Calculate the greatest common factor of n and 2.
2
Let m be 3/18 + (1 - 32278/(-12)). Calculate the highest common factor of m and 13.
13
Suppose -5*x + 10 = 0, -5 + 67 = 4*j + x. Let b(m) = 28*m**3 - 3*m**2 + m - 2. Let u be b(2). Let h = -92 + u. Calculate the greatest common factor of h and j.
15
Let t = 16 - 12. Suppose 2 = t*l - i + 21, l + 2*i = 2. Let j = 16 + l. Calculate the greatest common divisor of 30 and j.
6
Suppose -3*z - 2*z - 10 = 0, -4*p + 3*z + 138 = 0. Let s be -5 + 8 + 4/1. Suppose 4 = 3*q + s, 2*k = 3*q + 25. What is the highest common divisor of p and k?
11
Let j = 105 - 102. Let r(c) = 3*c + 1. Let y(f) = -1. Let z(d) = -r(d) - y(d). Let p be z(-7). Calculate the highest common factor of p and j.
3
Let w = 5 - -12. Suppose -12*i - 357 = -19*i. Calculate the highest common divisor of w and i.
17
Suppose 4*h + 498 = 2*l, 3*l = 3*h + l + 373. Let y be (h/(-10))/(1/2). What is the greatest common divisor of y and 125?
25
Let d(v) = 101*v + 1. Let c be d(1). Let h(t) = t**3 - 5*t - 6. Let x be h(3). What is the greatest common factor of c and x?
6
Let p = -99 + 165. Let k be (4 + 0)*-1*1. Let y = 10 + k. Calculate the greatest common factor of y and p.
6
Suppose 0 = -2*b + v + 72, 0*v + 4*v - 119 = -3*b. What is the greatest common divisor of b and 37?
37
Suppose 0 = -2*q - q + 9. Suppose q*g = 4*l + 73, -2*l = -5*g + 166 - 49. Calculate the highest common divisor of g and 207.
23
Suppose 181 = 3*w + 5*v, 8*w - 7*w - 4*v - 83 = 0. Calculate the greatest common factor of 871 and w.
67
Suppose 3*o - 9*o - 6072 = 0. Let s be 48/27 - 2 - o/18. What is the greatest common divisor of 7 and s?
7
Let s(a) = a**3 + 21*a**2 - 49*a - 1. Let b be s(-23). Let k be (-1*b/(-12) + -3)*3. Let h = -15 - -23. What is the highest common factor of k and h?
8
Let r be (45/12 - 0)*4. Let y(a) = 10*a + 15. Let o be y(9). What is the greatest common factor of r and o?
15
Let q be (3 - 3) + (-3 - -8). Suppose 8 = q*o - 7. Calculate the greatest common factor of 1 and o.
1
Let l(t) = -48*t**3 + t**2 + t. Suppose -12*y = -10*y + 2. Let p be l(y). Calculate the highest common factor of p and 6.
6
Suppose 30 = 5*q + q. Let u be (14/21 + (-1)/(-3))*q. What is the greatest common factor of u and 5?
5
Suppose 63 = 5*i - 4*o + o, 3*i - 41 = o. What is the greatest common divisor of i and 95?
5
Let u(i) = -2*i**2 + 2*i + 5. Let n be u(2). Let z = n + 47. Calculate the greatest common factor of z and 36.
12
Let p be (-1)/3 - (-193)/3. Let q be p/6 - (-22)/(-33). Suppose q*x - 112 = 6*x. What is the highest common factor of x and 112?
28
Let l = 57 + 83. What is the greatest common factor of l and 84?
28
Let v be 22/(-4)*(-7 - (4 - 13)). Let u be (4 + v)/((-1)/10). Calculate the greatest common factor of 14 and u.
14
Suppose -k = -2*w + 854, 19*w = 21*w - 2*k - 858. What is the greatest common factor of 75 and w?
25
Suppose -6*d + 164 = -76. Calculate the greatest common factor of 5 and d.
5
Suppose -o + 54 = 3*y - 378, -2*y = -2*o + 832. What is the highest common divisor of o and 60?
60
Suppose -3*x - b = 2*b - 63, 2*x + b - 38 = 0. Let q = 33 - x. Calculate the greatest common divisor of 16 and q.
16
Suppose 253*n + 1350 = 262*n. What is the highest common factor of 75 and n?
75
Let x be 100 + (37 + -1)/(-9). What is the highest common factor of x and 360?
24
Let x(k) = 26*k**2 + k + 4. Let z be x(3). Let u = z - 157. Let d = u + -56. What is the greatest common divisor of 224 and d?
28
Suppose 15*h + 35 = 20*h. Suppose f - h*f = -168. Calculate the highest common factor of f and 4.
4
Suppose 0 = -5*p - 5*z + 10, p - 3*z + 2 = 2*p. Suppose 0*w - w - 2*c + 11 = 0, -3*w + 9 = -p*c. What is the greatest common factor of w and 45?
5
Let g(w) = -w**2 + 1. Let c(j) = -2*j**2 + 8*j - 37. Let p(b) = c(b) - 3*g(b). Let q be p(17). Calculate the highest common factor of q and 35.
35
Let k be 34/4 + 6/(-4). Let c(w) = -9*w + 268. Let a be c(29). What is the greatest common divisor of k and a?
7
Let q be 1 + 9/3 - -27. Let n = q - 9. Calculate the highest common divisor of 110 and n.
22
Let i = 3864 - 2176. What is the highest common divisor of 8 and i?
8
Suppose -5*l = -20, 0*l + l - 14 = -2*c. Let y = 10 - c. Suppose y*i + 3*d = 72, 3*d + 4 = 3*i - 44. Calculate the highest common divisor of 10 and i.
5
Let n = 18 - 4. Let a(v) = 50*v - 236. Let r be a(5). Calculate the greatest common divisor of r and n.
14
Let y be (6/4)/((-102)/24 + 5). Suppose 4*d = u - 30, 0 = -4*u - y*d + 6*d + 144. What is the highest common divisor of 38 and u?
38
Let w = 8 + -7. Let x be (42/49)/(w/7). What is the highest common factor of x and 48?
6
Suppose -k - 9 = -r - r, 3*k = 2*r - 19. Let p = r + 22. Suppose 3*w = 3*b - 435, 0*b - 291 = -2*b + 3*w. Calculate the highest common factor of p and b.
24
Let b be 7/((-35)/10) - -7. Suppose -308 = b*i - 12*i. What is the greatest common factor of i and 4?
4
Let n be (2*-1)/1 + 9 + -10. Let m = n - -10. Calculate the greatest common divisor of m and 42.
7
Suppose 2*h = -58 + 168. Let k = 9 - 9. Let p(r) = -4*r + 22. Let l be p(k). What is the highest common factor of l and h?
11
Suppose 3*y - 8 = y. Suppose k - 1017 = -y*l, -l + k + 243 = -k. What is the highest common divisor of 23 and l?
23
Let j = 4 + 5. Let p(k) = 3*k - 9. Let b be p(j). Let f = 5 + 7. Calculate the greatest common divisor of b and f.
6
Suppose 0 = 9*r - 20072 - 9727. What is the highest common divisor of 77 and r?
77
Let m(t) = 11*t + 1. Let d be m(1). Let j be 24/60 - 73*3/(-15). Let q be (d/j)/((-4)/(-10)). Calculate the highest common divisor of q and 14.
2
Let i(c) = 2*c**3 - 12*c**2 + 5*c - 4. Let x be ((-48)/40)/((2/2)/(-5)). Let p be i(x). Let d = -61 - -139. What is the greatest common factor of p and d?
26
Let n = -43 - -89. Suppose 2*p + 2*m + 8 - n = 0, 68 = 4*p + 2*m. Suppose -3*i + 0*i + 9 = 0. What is the greatest common factor of p and i?
3
Let a = 11 - 6. Suppose -5*u + a = -215. Let y = 1 - -3. What is the highest common factor of u and y?
4
Let c = 232 - 204. Suppose -460 = -3*o - f - 0*f, -4*o - f + 614 = 0. Calculate the greatest common factor of o and c.
14
Suppose 0*k = -k + 3. Suppose 0 = 3*n - 6 + k. Let x be ((-1)/(-2))/(2/28). What is the greatest common divisor of x and n?
1
Let z(t) = t**3 + 12*t**2 + 10*t - 9. Let q be z(-11). Suppose 3*r + 5*x - 56 = 0, 5*r - 31 = q*x + 21. Calculate the greatest common divisor of 36 and r.
12
Suppose 0 = -5*j + 4*z + 162, 9*z + 39 = j + 6*z. What is the greatest common divisor of j and 590?
10
Suppose -3*x + 40*o - 44*o = -1340, -x - 2*o = -450. Calculate the greatest common divisor of 44 and x.
44
Let n(l) = -167*l**3 + 4*l**2 + 3*l. Let v be n(-1). Let p be (-1)/(3/(-12) - (-38)/v). Calculate the highest common factor of 98 and p.
14
Suppose 168 = 5*l - 2*l. What is the highest common divisor of 16 and l?
8
Let a = -64 - -60. Let x be ((-6)/(-4) - 2)*(a - 20). Suppose -2*i = -38 - 154. Calculate the highest common divisor of x and i.
12
Suppose 10*x - 197 = 33. Let b = -34 - -218. What is the highest common divisor of x and b?
23
Let m(y) = -y**2 + 9*y + 1. Let d be 1/((-3)/(-48)*4). Suppose d*j = 17 + 15. Let v be m(j). Calculate the greatest common factor of v and 45.
9
Suppose 13*z - 1026 = -4*m, -4*z - 143 = -m - 452. What is the greatest common divisor of 130 and z?
26
Suppose 23*z = 47*z - 12288. What is the greatest common factor of 32 and z?
32
Suppose 3*p - 2*p + 5 = 0, -3*f + 73 = -5*p. Let o be 1/(-1)*(66/(-3) + 6). Calculate the highest common factor of o and f.
16
Suppose 4*o = n + 29, 3*o + 29 = n - 2*n. Let h = n - -31. Let u be 4/((-5)/7 - -1). What is the highest common divisor of u and h?
2
Let h be 2/30*9*5. Suppose 0 = h*c - 353 - 31. What is the greatest common divisor of